6.
2, 3, 11, 1129, 2791
List the prime factors of 1300398532.
2, 19, 900553
List the prime factors of 47786433.
3, 23, 101, 6857
List the prime factors of 1046920856.
2, 130865107
List the prime factors of 82712298.
2, 3, 13785383
List the prime factors of 79564238.
2, 13, 3060163
List the prime factors of 919381830.
2, 3, 5, 30646061
What are the prime factors of 245676837?
3, 7, 257, 929
What are the prime factors of 8161552?
2, 7, 72871
What are the prime factors of 660678995?
5, 132135799
What are the prime factors of 456207613?
19, 29, 43577
List the prime factors of 447997711.
7, 53, 67, 269
What are the prime factors of 3572619?
3, 1190873
What are the prime factors of 362598863?
11, 83, 397151
List the prime factors of 943237323.
3, 7, 67, 223463
What are the prime factors of 4925050847?
683, 7210909
What are the prime factors of 473955358?
2, 236977679
What are the prime factors of 1221010047?
3, 135667783
List the prime factors of 26809141.
31, 864811
What are the prime factors of 4777114644?
2, 3, 131, 37517
What are the prime factors of 783017019?
3, 193, 450787
List the prime factors of 60323825.
5, 23, 104911
List the prime factors of 92554495.
5, 11, 1682809
List the prime factors of 314112874.
2, 53, 1223, 2423
What are the prime factors of 117339820?
2, 5, 13, 19, 23753
List the prime factors of 22678189.
22678189
What are the prime factors of 62624545?
5, 101, 269, 461
List the prime factors of 277809797.
193, 1439429
What are the prime factors of 601929995?
5, 7043, 17093
List the prime factors of 1343858468.
2, 401, 837817
What are the prime factors of 3443561358?
2, 3, 1999, 287107
What are the prime factors of 1698154445?
5, 13, 3623, 7211
List the prime factors of 2564696594.
2, 1282348297
What are the prime factors of 1704291515?
5, 340858303
What are the prime factors of 263909508?
2, 3, 107, 205537
What are the prime factors of 425139398?
2, 37, 401, 14327
List the prime factors of 859214276.
2, 19, 691, 16361
What are the prime factors of 78025807?
78025807
List the prime factors of 235109886.
2, 3, 11, 47, 75793
List the prime factors of 1804767682.
2, 902383841
List the prime factors of 38463668.
2, 2711, 3547
List the prime factors of 433980852.
2, 3, 569, 63559
List the prime factors of 598461333.
3, 199487111
What are the prime factors of 2805758401?
30011, 93491
List the prime factors of 193437170.
2, 5, 19343717
What are the prime factors of 1368961557?
3, 37, 1033, 11939
What are the prime factors of 73259866?
2, 41, 893413
What are the prime factors of 6514816954?
2, 5779, 563663
List the prime factors of 455974265.
5, 8741, 10433
What are the prime factors of 4942989293?
11, 449362663
List the prime factors of 65206682.
2, 59, 61, 9059
List the prime factors of 169621865.
5, 7, 4846339
List the prime factors of 59394923.
7, 17, 499117
What are the prime factors of 1272918818?
2, 636459409
List the prime factors of 20489030.
2, 5, 19, 107837
What are the prime factors of 397443936?
2, 3, 37, 111893
What are the prime factors of 3331025554?
2, 23, 83, 872453
List the prime factors of 3279777229.
151, 271, 80149
What are the prime factors of 9789966?
2, 3, 543887
List the prime factors of 1879330021.
53, 1637, 21661
List the prime factors of 2744371975.
5, 109774879
What are the prime factors of 67586995?
5, 7, 23, 113, 743
List the prime factors of 52540497.
3, 71, 82223
What are the prime factors of 2431323107?
167, 14558821
List the prime factors of 93540737.
93540737
What are the prime factors of 143313207?
3, 23, 683, 3041
What are the prime factors of 5503978565?
5, 17, 173, 374293
What are the prime factors of 111291715?
5, 22258343
List the prime factors of 12938836.
2, 17, 179, 1063
What are the prime factors of 9144930?
2, 3, 5, 304831
What are the prime factors of 20433395?
5, 4086679
What are the prime factors of 34301654?
2, 17150827
What are the prime factors of 57221951?
521, 109831
What are the prime factors of 106541231?
106541231
What are the prime factors of 44635106?
2, 131, 170363
What are the prime factors of 5356696676?
2, 19, 167, 587, 719
List the prime factors of 1816201126.
2, 908100563
What are the prime factors of 146723378?
2, 47, 151, 10337
List the prime factors of 6432699367.
541, 11890387
What are the prime factors of 230583246?
2, 3, 167, 230123
What are the prime factors of 79885281?
3, 7, 1699, 2239
List the prime factors of 197171607.
3, 19, 53, 65267
What are the prime factors of 663000952?
2, 17, 157, 31051
What are the prime factors of 49671115?
5, 13, 764171
What are the prime factors of 2865375606?
2, 3, 43, 1103, 10069
List the prime factors of 832874289.
3, 13, 131, 163021
List the prime factors of 118617507.
3, 929, 4729
What are the prime factors of 195073545?
3, 5, 31, 419513
What are the prime factors of 3041622336?
2, 3, 173, 91571
List the prime factors of 1248370699.
19, 65703721
List the prime factors of 829251398.
2, 17, 1434691
What are the prime factors of 715074157?
7, 71, 461, 3121
What are the prime factors of 5546533733?
13, 31, 13763111
What are the prime factors of 277242108?
2, 3, 11, 13, 161563
What are the prime factors of 72967080?
2, 3, 5, 461, 1319
What are the prime factors of 45825656?
2, 5728207
List the prime factors of 4631561150.
2, 5, 643, 144061
List the prime factors of 112802164.
2, 19, 1009, 1471
List the prime factors of 1776147186.
2, 3, 11, 37, 137, 5309
List the prime factors of 23401239.
3, 7800413
What are the prime factors of 185442368?
2, 229, 12653
List the prime factors of 459017929.
1559, 294431
What are the prime factors of 222694437?
3, 7, 179, 59243
What are the prime factors of 902999819?
902999819
What are the prime factors of 30184909?
30184909
What are the prime factors of 609505864?
2, 11, 19, 364537
List the prime factors of 38807089.
193, 201073
What are the prime factors of 2578143014?
2, 1289071507
List the prime factors of 125324585.
5, 23, 71, 15349
List the prime factors of 596915.
5, 11, 10853
List the prime factors of 277484435.
5, 2677, 20731
List the prime factors of 850612676.
2, 59, 1039, 3469
List the prime factors of 644902168.
2, 1289, 62539
List the prime factors of 107558807.
107558807
List the prime factors of 1922449940.
2, 5, 23, 883, 4733
List the prime factors of 21036298.
2, 443, 23743
What are the prime factors of 93346844?
2, 23336711
What are the prime factors of 132435658?
2, 31, 41, 53, 983
What are the prime factors of 271181512?
2, 7, 1759, 2753
List the prime factors of 31638532.
2, 7909633
List the prime factors of 457841672.
2, 181, 316189
What are the prime factors of 3141562289?
31, 5419, 18701
List the prime factors of 459199358.
2, 97, 2367007
List the prime factors of 216026679.
3, 11, 6546263
List the prime factors of 63744181.
109, 584809
List the prime factors of 553519680.
2, 3, 5, 7, 41
List the prime factors of 18602561.
23, 41, 19727
What are the prime factors of 162537057?
3, 6019891
List the prime factors of 697024438.
2, 11, 3793, 8353
List the prime factors of 59934219.
3, 79, 252887
What are the prime factors of 47137922?
2, 13, 109, 16633
What are the prime factors of 83764420?
2, 5, 4188221
What are the prime factors of 1721549707?
29, 197, 10391
List the prime factors of 190562442.
2, 3, 7, 4537201
What are the prime factors of 71348836?
2, 13, 67, 20479
What are the prime factors of 60492235?
5, 12098447
List the prime factors of 149110653.
3, 49703551
What are the prime factors of 210368793?
3, 70122931
List the prime factors of 540802192.
2, 7, 31, 109, 1429
What are the prime factors of 559492801?
7, 79927543
What are the prime factors of 41631310?
2, 5, 7, 43, 13831
List the prime factors of 76598818.
2, 1571, 24379
What are the prime factors of 92040834?
2, 3, 15340139
What are the prime factors of 1861334817?
3, 5077, 122207
List the prime factors of 4615041366.
2, 3, 13, 19, 179, 1933
What are the prime factors of 1228898300?
2, 5, 7, 1755569
What are the prime factors of 13885153?
83, 173, 967
What are the prime factors of 204529998?
2, 3, 109, 312737
What are the prime factors of 130018278?
2, 3, 13, 17, 31, 3163
What are the prime factors of 5506956928?
2, 11, 3911191
What are the prime factors of 516200747?
31, 16651637
List the prime factors o